rue
Is 32 a factor of 608?
True
Is 4 a factor of 84?
True
Does 19 divide 17442?
True
Is 7 a factor of 22?
False
Is 17 a factor of 2516?
True
Does 15 divide 891?
False
Does 14 divide 51?
False
Does 56 divide 1760?
False
Does 9 divide 26?
False
Does 35 divide 813?
False
Does 86 divide 2081?
False
Is 5791 a multiple of 11?
False
Is 510 a multiple of 38?
False
Is 8 a factor of 400?
True
Is 3286 a multiple of 54?
False
Is 213 a factor of 852?
True
Is 24 a factor of 2180?
False
Is 68 a factor of 32666?
False
Is 4 a factor of 6477?
False
Is 31 a factor of 16275?
True
Does 3 divide 17345?
False
Is 11 a factor of 82313?
True
Does 4 divide 2068?
True
Does 49 divide 10786?
False
Does 77 divide 5672?
False
Is 1920 even?
True
Is 6599 a multiple of 6?
False
Is 2562 a multiple of 42?
True
Is 2826 a multiple of 4?
False
Is 4826 a multiple of 26?
False
Is 296 a multiple of 34?
False
Is 149 a factor of 4023?
True
Does 13 divide 35754?
False
Is 81 a factor of 5832?
True
Does 13 divide 1423?
False
Is 37237 a multiple of 23?
True
Is 7 a factor of 796?
False
Does 37 divide 7550?
False
Is 24 a factor of 1224?
True
Does 8 divide 569?
False
Does 15 divide 7167?
False
Is 28 a factor of 4956?
True
Is 372 a multiple of 12?
True
Is 3 a factor of 7615?
False
Is 56 a factor of 538?
False
Does 4 divide 2624?
True
Is 103 a factor of 762?
False
Does 230 divide 1645?
False
Does 34 divide 1409?
False
Is 109 a factor of 5232?
True
Is 8514 a multiple of 6?
True
Does 54 divide 927?
False
Does 5 divide 1960?
True
Is 12 a factor of 7337?
False
Is 3795 a multiple of 33?
True
Is 46 a factor of 9490?
False
Is 2 a factor of 3764?
True
Does 35 divide 38570?
True
Does 40 divide 880?
True
Is 1709 a multiple of 5?
False
Is 29 a factor of 2232?
False
Is 8811 a multiple of 31?
False
Does 65 divide 5720?
True
Does 95 divide 1710?
True
Is 16 a factor of 895?
False
Is 44 a factor of 20079?
False
Is 15 a factor of 24885?
True
Does 28 divide 2265?
False
Does 12 divide 50?
False
Is 11 a factor of 4378?
True
Is 9 a factor of 245?
False
Is 1755 a multiple of 39?
True
Is 2804 a multiple of 35?
False
Is 3336 a multiple of 6?
True
Does 25 divide 1008?
False
Is 49 a factor of 110539?
False
Does 9 divide 31?
False
Is 1534 a multiple of 13?
True
Is 26 a multiple of 26?
True
Does 9 divide 3978?
True
Does 51 divide 2222?
False
Is 20292 a multiple of 12?
True
Does 5 divide 233?
False
Is 5 a factor of 1083?
False
Does 39 divide 24260?
False
Is 18 a factor of 1962?
True
Is 169 a multiple of 37?
False
Is 6880 a multiple of 80?
True
Does 14 divide 2982?
True
Is 3 a factor of 287?
False
Is 57 a factor of 18644?
False
Is 196 a multiple of 14?
True
Is 1656 even?
True
Does 26 divide 2626?
True
Is 2724 a multiple of 15?
False
Is 2303 a multiple of 75?
False
Is 13 a factor of 429?
True
Is 54 a factor of 20351?
False
Is 5724 a multiple of 53?
True
Does 11 divide 1232?
True
Is 56 a factor of 2114?
False
Does 15 divide 60?
True
Is 6 a factor of 7073?
False
Is 26 a factor of 572?
True
Is 19 a factor of 35463?
False
Does 39 divide 195?
True
Is 15 a multiple of 2?
False
Is 12 a factor of 1056?
True
Is 5 a factor of 3365?
True
Does 12 divide 991?
False
Is 34900 a multiple of 21?
False
Is 116 a factor of 2803?
False
Is 26 a factor of 20858?
False
Does 21 divide 340?
False
Does 9 divide 615?
False
Is 2565 a multiple of 9?
True
Is 30 a factor of 3536?
False
Is 646 a multiple of 4?
False
Is 16371 a multiple of 9?
True
Is 520 a multiple of 2?
True
Is 52 a multiple of 4?
True
Is 233 a factor of 21260?
False
Is 147 a factor of 2205?
True
Does 19 divide 1639?
False
Does 25 divide 524?
False
Is 2583 a multiple of 53?
False
Does 77 divide 693?
True
Is 8 a factor of 12944?
True
Does 31 divide 1457?
True
Is 506 a multiple of 11?
True
Is 34439 a multiple of 227?
False
Does 60 divide 2460?
True
Does 53 divide 12137?
True
Is 27 a factor of 2160?
True
Does 4 divide 340?
True
Is 30 a factor of 15420?
True
Is 1220 a multiple of 5?
True
Does 3 divide 286?
False
Does 14 divide 10612?
True
Is 57 a factor of 2622?
True
Does 17 divide 425?
True
Does 34 divide 82382?
True
Is 176 a factor of 82368?
True
Is 33 a factor of 27047?
False
Does 40 divide 4399?
False
Is 20716 a multiple of 80?
False
Does 84 divide 1428?
True
Is 12737 a multiple of 2?
False
Is 5 a factor of 33?
False
Does 294 divide 42042?
True
Is 12 a factor of 4908?
True
Is 29 a factor of 4197?
False
Is 462 a multiple of 66?
True
Is 9001 a multiple of 65?
False
Is 5945 a multiple of 167?
False
Is 16 a factor of 11618?
False
Is 19985 a multiple of 2?
False
Is 15 a factor of 10125?
True
Does 10 divide 931?
False
Does 5 divide 25?
True
Is 6192 a multiple of 72?
True
Does 59 divide 3807?
False
Is 63550 a multiple of 310?
True
Does 25 divide 5275?
True
Is 135 a multiple of 9?
True
Does 7 divide 10759?
True
Is 196 a multiple of 4?
True
Is 2147 a multiple of 26?
False
Is 32781 a multiple of 21?
True
Is 9558 a multiple of 59?
True
Is 8806 a multiple of 249?
False
Is 10 a factor of 730?
True
Is 23 a factor of 759?
True
Is 17612 a multiple of 14?
True
Is 1290 a multiple of 129?
True
Is 11 a factor of 538?
False
Is 10425 a multiple of 139?
True
Does 32 divide 416?
True
Is 15 a factor of 1960?
False
Is 6 a factor of 42?
True
Is 14 a factor of 14?
True
Is 252 a factor of 13067?
False
Is 17 a factor of 37238?
False
Is 342 a multiple of 9?
True
Does 18 divide 406?
False
Does 13 divide 10231?
True
Is 189 a multiple of 14?
False
Is 67 a factor of 1273?
True
Is 30 a factor of 90300?
True
Is 852 a multiple of 3?
True
Is 102 a factor of 53346?
True
Is 7 a factor of 842?
False
Does 14 divide 2960?
False
Is 1564 a multiple of 17?
True
Is 49 a factor of 4459?
True
Does 7 divide 665?
True
Is 16 a factor of 5838?
False
Does 23 divide 13873?
False
Is 16280 a multiple of 11?
True
Is 52 a factor of 5710?
False
Does 8 divide 512?
True
Is 9 a factor of 1204?
False
Does 23 divide 12213?
True
Does 17 divide 15897?
False
Is 71 a factor of 2698?
True
Is 23 a factor of 2067?
False
Is 15980 a multiple of 68?
True
Is 46 a factor of 19044?
True
Is 2600 a multiple of 40?
True
Is 143 a multiple of 44?
False
Is 1035 a multiple of 23?
True
Does 360 divide 19440?
True
Is 46 a multiple of 14?
False
Does 75 divide 1827?
False
Is 189 a multiple of 4?
False
Does 19 divide 3925?
False
Is 17 a factor of 2567?
True
Is 36 a factor of 180?
True
Does 50 divide 1150?
True
Is 3440 a multiple of 47?
False
Does 7 divide 2135?
True
Does 26 divide 2986?
False
Does 94 divide 34376?
False
Does 17 divide 1309?
True
Is 27 a factor of 162?
True
Is 762 a multiple of 31?
False
Is 12915 a multiple of 21?
True
Is 1003 a multiple of 59?
True
Is 660 a multiple of 44?
True
Is 18 a factor of 186?
False
Is 2660 a multiple of 19?
True
Is 6 a factor of 17248?
False
Does 19 divide 1741?
False
Is 13210 a multiple of 5?
True
Does 139 divide 9047?
False
Is 10 a factor of 3961?
False
Does 6 divide 23862?
True
Is 2 a factor of 160?
True
Is 2 a factor of 20?
True
Is 233 a factor of 46600?
True
Does 6 divide 1641?
False
Is 20 a factor of 8175?
False
Is 54 a factor of 12168?
False
Does 4 divide 1816?
True
Is 7010 a multiple of 7?
False
Is 62 a factor of 1364?
True
Is 9236 a multiple of 26?
False
Is 645 a multiple of 15?
True
Does 32 divide 1800?
False
Does 123 divide 3848?
False
Is 31 a multiple of 12?
False
Is 72 a factor of 2736?
True
Is 49 a factor of 23177?
True
Does 18 divide 4556?
False
Is 6042 a multiple of 114?
True
Is 20066 a multiple of 49?
False
Does 34 divide 35942?
False
Is 1847 a multiple of 11?
False
Is 14628 a multiple of 32?
False
Does 16 divide 32400?
True
Does 13 divide 23023?
True
Is 44368 a multiple of 47?
True
Is 8584 a multiple of 29?
True
Does 30 divide 1530?
True
Does 13 divide 93015?
True
Does 66 divide 19998?
True
Is 401 a multiple of 143?
False
Is 581 a multiple of 14?
False
Does 44 divide 20018?
False
Does 5 divide 770?
True
Is 115 a factor of 3680?
True
Does 10 divide 46?
False
Is 62 a factor of 22258?
True
Is 64 a factor of 284?
False
Is 30 a factor of 660?
True
Is 169 a multiple of 28?
False
Is 17 a factor of 1629?
False
Is 4259 a multiple of 30?
False
Is 4 a factor of 629?
False
Is 358 a factor of 63589?
False
Is 216 a multiple of 18?
True
Is 8 a factor of 1936?
True
Is 2196 a multiple of 15?
False
Is 11749 a multiple of 20?
False
Does